-2*r + y - 425 = 2*y, -y - 210 = r. Let u = r + 319. What is the remainder when u is divided by 4/(-14) + 988/28?
34
Let c(l) = 6*l**2 - 38*l + 39. What is the remainder when 160 is divided by c(6)?
25
Let v(h) = 10*h + 3. What is the remainder when 41 is divided by v(2)?
18
Let m(w) = -119 - 2*w**2 + 120 - 11*w - 5*w. Calculate the remainder when 48 is divided by m(-6).
23
Let n be 1/(1 - (-8)/(-12)). Let y be 1/n*0/(-5). Suppose -v + y*v + 72 = 0. Calculate the remainder when v is divided by 25.
22
Let f = 43 + -41. What is the remainder when (2112/40 - 4)/(f/10) is divided by 13?
10
Suppose 3*t - 111 = 5*q - 24, t = -5*q - 71. Let u(y) = -y - 6. What is the remainder when 23 is divided by u(q)?
5
Suppose -37*n + 32*n = x - 162, 5*n = -3*x + 496. Calculate the remainder when x is divided by 17.
14
Let i(c) = c**3 + 8*c**2 + 7*c - 5. Let h be i(-6). Let d = 79 - h. Suppose d = 2*n - 4. Calculate the remainder when 85 is divided by n.
27
Let o(i) = -i**2 + 12*i - 11. Let c(q) = 3*q**2 - 35*q + 32. Let y(z) = 6*c(z) + 17*o(z). Calculate the remainder when y(6) is divided by 3.
2
Let f(r) = r - 4. Let t = -21524 + 21525. What is the remainder when t is divided by f(5)?
0
Let g(p) = -p**3 + 6*p**2 - 6*p + 15. Calculate the remainder when 45 is divided by g(4).
22
Let b(s) be the first derivative of -5*s**2/2 + 2*s + 2. What is the remainder when b(-4) is divided by 8?
6
Let d = 704 + -617. Let t(l) = -2*l**3 + l**2 + l. What is the remainder when d is divided by t(-2)?
15
Let u be ((-4)/10)/(22/(-55)). Suppose 3*h = 5*i - 184, -32 = 4*i - h - 182. Calculate the remainder when i is divided by 16 - u*(5 - 2).
12
Let q(n) = -n**2 - 3*n - 4. Let t be q(-6). Calculate the remainder when (t/70 + (-6)/21)*-395 is divided by 60.
57
Let t be (-21)/(-14)*(-2)/(-3). Calculate the remainder when t - 40/15*-51 is divided by 35.
32
Let r = 68 - 40. Let a(m) = 2*m - 16. Let f be a(12). Let i = r - f. What is the remainder when i is divided by 11?
9
Suppose -y - 1 + 4 = 0, v - 5*y = 15. Suppose 4*d = -5*z + 728, 678 - 101 = 4*z + 5*d. Calculate the remainder when z is divided by v.
28
Suppose 4*b + 3*v + 21 = -5, 6 = -2*b - 5*v. Let m = b - -18. Calculate the remainder when 37 is divided by m.
7
Suppose 0 = -6*r - 0*r + 24. Suppose r*s - 744 = 4*t, 0*s + 4*s = 5*t + 744. Calculate the remainder when s is divided by 27.
24
Suppose -20 = -3*j - j. Let t(p) = -4*p + 5. Let z be t(j). Let c = z + 37. What is the remainder when c is divided by 8?
6
Let u(g) = g**3 - 8*g**2 + 18*g - 6. Calculate the remainder when 38 is divided by u(5).
2
Let d(f) = 4*f**2 + 3*f - 9. What is the remainder when 303 is divided by d(-3)?
15
Suppose -14*q = -15*q. Suppose q = -x - 0*x + 101. Calculate the remainder when x is divided by (-26)/8*(-12 + 4).
23
Suppose 5*t + 106 = 3*n - 190, -448 = -5*n - 3*t. Suppose -3*g = -6*g + 264. Calculate the remainder when (-1)/(-1 + g/n) is divided by 8.
7
Suppose -151 = -4*l + s, 5*s = -5*l + 3*l + 59. Suppose 174*w + 1021 = 220*w - 5511. Calculate the remainder when w is divided by l.
31
Let z(x) = 0*x + 5*x - 2*x - 1. Let p(f) = -f + 13. Let k be p(5). What is the remainder when z(k) is divided by 15?
8
Suppose -3*m - 551 = -5*z, -2*m + 4*z + z = 374. Let y(r) = 11*r**2 - 21*r - 1. Let p be y(2). Calculate the remainder when 114 is divided by p/(-2) - m/6.
27
Suppose 0 = -4*x + 2*q + 81 + 67, 37 = x - 3*q. What is the remainder when 213 is divided by x?
28
Let o(t) = -5*t + 10. Let s(d) = d**2 - 15*d - 1. Let a be s(14). Calculate the remainder when o(a) is divided by (11*-1)/((-11)/22).
19
Let q(l) = -6*l - 3. Suppose m + 7 + 1 = -n, 17 = -4*n + m. Let u = -10 + 89. What is the remainder when u is divided by q(n)?
25
Suppose 3*x - 4*d - 63 = 0, -4*x - 3*d - d = -56. Let o(c) be the first derivative of -c**2/2 + 50*c - 22. What is the remainder when o(0) is divided by x?
16
Calculate the remainder when 65 is divided by 6/(5 + 52/(-12)).
2
Let c(y) = 6*y**2 - y. Let h be c(1). Let n(f) = f - 1 + h - 5. Calculate the remainder when 18 is divided by n(6).
3
Calculate the remainder when (-20)/(-3)*(-6)/(-4) is divided by ((-6)/15)/(4/((-360)/6)*2).
1
What is the remainder when 26 is divided by 24/10 + 48/80?
2
Suppose -t - 111 = -4*y, t = 5*y + 4*t - 143. Suppose -13 + y = j. Calculate the remainder when 71 is divided by j.
11
Let v = 23 + -15. Calculate the remainder when 27 is divided by (21/(-2))/((-6)/v).
13
Suppose 0 = -15*b + 44 + 76. Let q = 31 - -16. Calculate the remainder when q is divided by b.
7
Let r = 822 - 771. What is the remainder when 354 is divided by r?
48
Suppose 0 = -2*l - l + 21. Let r = -15 - -34. Suppose 3*f - 80 = -5*b, 2*f - r = 4*b + 5. Calculate the remainder when f is divided by l.
6
Let p = 19 + 4. Calculate the remainder when p is divided by (-152)/(-36) + 1 - 12/54.
3
Let o = -18 - -78. Suppose 13*l - 19*l + o = 0. What is the remainder when l is divided by 4?
2
Let s = 241 + -121. Suppose s + 4 = j - 3*p, -3*j = -5*p - 356. Calculate the remainder when j is divided by 19.
17
Let j(h) = -h. Suppose 308 = 9*s - 52. What is the remainder when s is divided by j(-7)?
5
Let s(b) = 76*b + 969. Calculate the remainder when s(-9) is divided by 12.
9
Let y = -551 + 872. What is the remainder when y is divided by 17?
15
Let q(x) be the first derivative of -x**3/3 - 10*x**2 - 33*x + 17. Calculate the remainder when 52 is divided by q(-17).
16
Suppose 5*w - 4*w - 49 = 0. Let r = -34 + w. What is the remainder when r is divided by 10?
5
Let w = -58 + 75. Suppose -3*t + 1 + w = 0. What is the remainder when 9 is divided by t?
3
Suppose 5*t - 47 = 38. Calculate the remainder when 32 is divided by t.
15
Let w = -447 + 642. Suppose -3*l + w = -2*u + 35, -10 = 2*u. What is the remainder when l is divided by 26?
24
Let c = 91 + -93. What is the remainder when 47 is divided by (-7)/(1 + -4 - c)?
5
Suppose -2*f - 4*g = -0*f - 116, -163 = -3*f + 5*g. What is the remainder when 622 is divided by f?
6
What is the remainder when 32 is divided by 2 - ((-3)/21*-7 + -8)?
5
Suppose -v + 25 = 4*w - w, w + 2*v = 5. Let d be 30/(-24)*10*2. Calculate the remainder when (d/2)/(1/(-2)) is divided by w.
7
Suppose 3*r - 9 = -12. What is the remainder when (-3 - r) + 94 + 12/(-4) is divided by 30?
29
Suppose 3*s = -4*s + 112. Calculate the remainder when (-1704)/(-57) + s/152 + 3 is divided by (1 - -11) + (-1 - -1).
9
What is the remainder when 903 is divided by 58394/516 + -2 + 22/12?
112
Let o(g) = -g**2 - 8*g + 19. Let y be o(-9). Let r(a) = -a**3 + 5*a**2 - 4*a + 3. What is the remainder when (5/y)/((-1)/(-38)) + 0 is divided by r(2)?
5
Suppose -2*m + 2 = 0, 4*f - m - 105 + 10 = 0. Calculate the remainder when 238 is divided by f.
22
Let c(l) = -9 + 0*l + 3*l - 5. Suppose -m + 3 = 2*f, 0 = f - 5*f - 20. Calculate the remainder when 98 is divided by c(m).
23
Let s(z) = 48*z - 183. What is the remainder when s(5) is divided by 18?
3
Suppose 3*g - g = 6. Suppose 0 = l - g - 6. What is the remainder when 17 is divided by l?
8
Let v(x) = x**3 + 7*x**2 + 3*x - 5. What is the remainder when -6 - (3 + 3 - (1 - -113)) is divided by v(-6)?
11
Let x = -67 - -123. Calculate the remainder when 1063 is divided by x.
55
Let z = -379 + 395. What is the remainder when 26 is divided by z?
10
What is the remainder when -6 - (12/(-8))/(12/2464) is divided by 61?
58
Suppose -4*k + 5*q - 16 - 126 = 0, -3*k = -3*q + 105. Let j = 0 - k. Calculate the remainder when 123 is divided by j.
24
Let c(m) = m**3 + 12*m**2 - 13*m + 3. Let u be c(-13). Let z(q) = -3*q + 25. Calculate the remainder when 79 is divided by z(u).
15
Let i(g) be the first derivative of -7*g**2/2 - 2*g + 14. Let f(k) = 20*k**3 - k**2. Calculate the remainder when f(1) is divided by i(-1).
4
What is the remainder when (-774)/(-4) + -18 + (-246)/(-12) is divided by 69?
58
Suppose 5*i + 30 = 2*d, -18*d + 23*d - i = 98. Calculate the remainder when 46 is divided by d.
6
Let x = -26 + 44. What is the remainder when 287 is divided by x?
17
Let h = 6 + 0. Suppose 35 = d - 9. What is the remainder when h is divided by 33/d + (-26)/(-8)?
2
Suppose 0 = 2*l - m + 195, -6*m = 3*l - 3*m + 297. Let k = 107 + l. What is the remainder when 21 is divided by k?
3
Suppose -5*k - 3 - 12 = 0. Let w = 35 - -49. What is the r